2?
11
Suppose 2*y + 44 = 3*l, 30 = 2*l - y + 2. Let p(o) = 4*o**2 + o - 1. Let d be p(1). Calculate the highest common factor of l and d.
4
Let x(y) be the second derivative of y**4/12 - y**3/2 - y**2/2 - 2*y. Let q be x(-2). What is the highest common divisor of q and 99?
9
Let m(a) = a - 6. Let h(n) = 2*n - 11. Let t(x) = 3*h(x) - 5*m(x). Let u be t(6). Suppose -13 = -u*w + 35. Calculate the greatest common factor of w and 40.
8
Let z(d) = -8*d + 2. Let m(t) = 1. Let q(g) = 2*m(g) - z(g). Let n be q(5). Suppose 25 = 2*u + 3*u. What is the greatest common factor of u and n?
5
Let o = -4 - -8. Let f be 0 + (1*o - 2). Suppose 0 = 6*s - 8*s + 44. What is the greatest common divisor of f and s?
2
Suppose -6*m + 57 = -1659. Calculate the highest common divisor of m and 26.
26
Let h(i) = 2*i**2 - 4*i - 4. Let r be h(-4). What is the greatest common divisor of r and 66?
22
Suppose 4*m - 17 = -5. Let p be (8/3)/(3/63). Suppose -16 = -m*l + p. Calculate the greatest common factor of l and 6.
6
Suppose 6*x - 41 = 1. Suppose 0 = 3*v + v - 224. What is the highest common factor of v and x?
7
Let t = -7 + 9. Suppose 4*z + 2*x = 6*x + 60, 0 = 3*z + t*x - 70. Suppose a = 6*a + z, -5*h + 2*a = -88. Calculate the highest common factor of 144 and h.
16
Let h(v) = 15*v. Let l be h(3). Suppose 2*g = l + 9. Suppose 0 = -n - 5*d + 12 + 1, 53 = 3*n + d. Calculate the highest common factor of n and g.
9
Let u be 5/((-5)/2) - (-14)/2. Suppose 0*y = -2*y + 2. What is the highest common factor of u and y?
1
Let w be (318/9)/(2/(-9)). Let i be w/(-15) - 12/20. Let s(f) = -2*f - 1. Let x be s(-3). What is the greatest common factor of x and i?
5
Let z = 7 + -5. Suppose -8 = -2*x - z. Suppose 0 = 4*c + 3*y - 14, 5*c + y - 4 = 4*c. Calculate the greatest common factor of c and x.
1
Let l be 50/(-15)*(-6)/5. Suppose l*p + 2 = 26. Calculate the highest common factor of 6 and p.
6
Let k(q) = -19*q - 1. Let g be k(-1). Suppose o = 4*o - g. Suppose 0*z - 5*z + 15 = 0. What is the greatest common divisor of z and o?
3
Let w = 15 - 9. Let k be (12/4 + -1 - -1) + -1. Calculate the highest common factor of w and k.
2
Suppose 0 = 2*v + 2, v - 3 = -m - 0. Suppose -5*y - 2*r - 9 = 0, -5*y + 4*r = -y - m. Let k be 0 + 110 - y*2. What is the greatest common factor of k and 14?
14
Let i = -8 - -13. Suppose -b + 6*b - 5*r - 620 = 0, 0 = 3*b - i*r - 378. Calculate the greatest common factor of 11 and b.
11
Let b(c) = 2*c - 3. Let y be b(2). What is the highest common divisor of 1 and y?
1
Let c = 2 + -1. Let m be c/(-2) + (-18)/(-4). Suppose -m*y = 4*b - 20, -29 = -y + b + 4*b. Calculate the greatest common factor of 27 and y.
9
Let a(y) = -3*y**2 + 4*y - 3. Let g be a(3). Let p be 1*(0/(-1) - g). Let m = 0 + 12. What is the highest common factor of m and p?
6
Suppose -2*d + d + 5 = 0. Let b(h) = 14*h**3 + 3*h**3 - 1 + 29*h**3. Let q be b(1). What is the greatest common factor of q and d?
5
Let f(y) = -2*y + 7. Let o be f(0). Calculate the highest common divisor of o and 7.
7
Let c = 361 + -235. Let s be 1 - (-2 + c/(-2)). Suppose 2*x + 18 = -0*i + 3*i, -30 = -5*i + x. What is the greatest common factor of s and i?
6
Let g(s) = -34*s + 12. Let f(o) = 11*o - 4. Let d(h) = -8*f(h) - 3*g(h). Let k be d(3). Let i = k + -11. What is the highest common factor of 9 and i?
9
Let z be (16/2)/(6/3). Let c(g) = 33*g - 4. Let x be c(z). What is the greatest common factor of 16 and x?
16
Let a(j) = -j - 1 + 4 + 0. Let g be a(-3). Let m be -1*g/(-3) + 2. Calculate the highest common factor of m and 1.
1
Let h be 80/30 - (-2)/(-3). Suppose w - 6 = h. Calculate the greatest common factor of w and 64.
8
Let r(w) = w**2 - 3*w - 8. Let z be r(8). Calculate the greatest common divisor of z and 4.
4
Suppose -4*u - 2*v + 316 = 0, u - 3*v - 2*v = 101. Calculate the highest common divisor of u and 9.
9
Suppose -7*x + 11*x - 28 = 0. Let o be -5*(1 - x/5). Suppose -4*u - 2*m + 60 = -6*m, -4*u + 61 = -5*m. Calculate the highest common factor of u and o.
2
Let w(a) = a**2 + 5*a - 8. Let j be w(-7). Let k be 25/(-1 + 8/j). Calculate the greatest common divisor of k and 15.
15
Let l be -3*1/(-3) - -1. Suppose l*d - 7 = 31. What is the greatest common divisor of 19 and d?
19
Let l = 27 + -22. Calculate the highest common divisor of l and 35.
5
Suppose -4*t - 1 = 5*m, 3*m = -2*t - t - 3. Calculate the greatest common divisor of m and 6.
3
Suppose -5*w - 44 = -t - t, 2*t - 72 = -2*w. Suppose 5*q - 28 - 24 = -3*r, -2*r + 24 = 2*q. Calculate the greatest common factor of q and t.
8
Suppose -4*y + 2*b + 308 = 0, y + 238 = 4*y + 2*b. What is the greatest common factor of y and 52?
26
Suppose -9*v + 10*v = 4*n - 43, n = 2*v + 16. What is the greatest common factor of 15 and n?
5
Let j = 330 + -160. Let o be 6/(-21) - j/(-7). Suppose 5*c - 5*k - 27 = -2, 5*k - o = -2*c. Calculate the greatest common divisor of c and 14.
7
Suppose -2*k + 4*f + 52 = 0, -4*k - 3*f + 5 = -88. What is the greatest common divisor of k and 6?
6
Suppose 9 = 2*j - 3. Suppose -j*a + 80 = -a. What is the greatest common divisor of a and 176?
16
Let y be ((-9)/(-6))/((-12)/(-16)). Calculate the greatest common divisor of y and 2.
2
Let i(q) = -q**3 - 4*q**2 + 4*q - 5. Let n be i(-5). Suppose 5*t + 3*d - 117 = n, -3 = 3*t + 5*d - 70. Calculate the highest common divisor of 192 and t.
24
Suppose -3*y = -3*t - 38 + 11, -2*t = 6. Calculate the greatest common factor of 66 and y.
6
Let g = -1 + 1. Let w(j) = 10 - j**2 + 46 + j - 4. Let d be w(g). Calculate the greatest common factor of d and 13.
13
Let b(h) = -h**3 + 13. Suppose -x = 3*x + 8. Let l be x/3 + (-4)/(-6). Let r be b(l). What is the highest common divisor of r and 26?
13
Suppose 2*g = -4*t + 56, 0 = 5*t + 3*g - 45 - 27. Suppose 22 = x - 2. What is the greatest common divisor of t and x?
12
Let k = 11 + 8. Let w = 18 + -18. Suppose 0 = 2*g + n - 416, w*g = -g + 5*n + 219. What is the greatest common factor of k and g?
19
Let d = -7 + 12. Suppose 4*t + 5*y = -t, -d*t - 16 = y. Let u be (-1)/t*6*66. What is the greatest common divisor of 9 and u?
9
Let y(i) = -i**2 - 2*i + 4. Let u be y(-4). Let t = 20 + u. Calculate the highest common divisor of 176 and t.
16
Let l = 54 - 2. Let g = 19 - 6. What is the greatest common factor of l and g?
13
Let t be (6 - 3)*158/6. Let h = t + -49. Suppose 0 = 4*i - 5*i + h. Calculate the highest common factor of 75 and i.
15
Let a(t) = 12*t**2 - 5*t + 2. Let b be a(3). Suppose -5*u - 2*v + b = 3*v, -v = 2*u - 40. Calculate the greatest common factor of u and 14.
7
Let n(j) = j - 1. Let s be n(2). Suppose -5*c = -3 - 12. Let v = 5 - c. What is the greatest common divisor of v and s?
1
Let h be (-48)/20*(-2 + (-1)/2). What is the highest common factor of 15 and h?
3
Let m = 11 - 7. Suppose j = 4*j - m*s - 1, -3 = j - 2*s. Suppose 0 = -y - 4*i + j + 7, -i = 3*y - 53. What is the greatest common factor of 45 and y?
9
Suppose -5*f = -l - 0*f - 7, -3*l - 1 = -5*f. Let r(u) = u + 8*u**2 - l - 4*u**2 + 0. Let z be r(-3). Calculate the highest common divisor of z and 45.
15
Let y be 8 - (-9)/(-3)*1. Suppose 76 = l + y*o, 0 = -0*l - 3*l + o + 148. What is the highest common divisor of l and 17?
17
Let f(l) = 37*l**2 + 1. Let j be f(1). Let r = j - 18. Suppose -4*c - 6*a = -a - 92, r = 5*a. Calculate the highest common divisor of 18 and c.
18
Suppose 0*y + 100 = y. What is the greatest common divisor of y and 25?
25
Let w(h) = -h**2 - 2*h + 10. Let f be w(0). What is the highest common factor of f and 30?
10
Let b(h) = h**3 - h + 4. Let r be b(0). Suppose -4*z = 5*m - 30, -3*m = m - 2*z - 50. What is the highest common factor of m and r?
2
Let r = -29 + 42. What is the highest common divisor of 104 and r?
13
Suppose -r = 2*g - 9, 2*g + 3*r - 7 = 8. Let f = -3 + g. Let z(n) = n**2 + 7. Let s be z(f). What is the greatest common divisor of s and 21?
7
Suppose 0 = 5*f + 2*b - 66 + 4, f + 4*b + 2 = 0. Let i be (-2)/(-11) - (-300)/44. Calculate the highest common factor of i and f.
7
Let u = 60 - -24. What is the highest common factor of 210 and u?
42
Suppose 2*v - 51 = v + 3*h, h + 227 = 5*v. What is the highest common divisor of 30 and v?
15
Suppose -4*f = -5*j - 665, f + 2*f + 3*j - 492 = 0. Let t(x) = -x**3 + 5*x**2 + 2*x - 9. Let y be t(4). Calculate the greatest common divi